factor of 1985580?
True
Does 204 divide 1199118?
False
Is 13 a factor of 177590304?
False
Does 262 divide 25329437?
False
Does 504 divide 553417765?
False
Is 20 a factor of 82764296?
False
Is 43773613 a multiple of 976?
False
Is 616265147 a multiple of 209?
False
Is 58663987 a multiple of 1099?
False
Is 313 a factor of 99923998?
True
Does 44 divide 23455353?
False
Does 71 divide 3102719098?
False
Is 50575665 a multiple of 21?
True
Is 3890 a factor of 534430710?
False
Is 377580 a multiple of 620?
True
Does 794 divide 424156388?
True
Is 365 a factor of 511747982?
False
Is 36 a factor of 33915269?
False
Does 47 divide 201085270?
True
Is 6 a factor of 10375296?
True
Is 82972800 a multiple of 12?
True
Does 5375 divide 60728846?
False
Does 8 divide 10847982?
False
Does 6413 divide 489615440?
False
Does 601 divide 20973698?
True
Does 3 divide 113107958?
False
Is 10 a factor of 48032710?
True
Is 1133210956 a multiple of 1069?
False
Does 66 divide 372594615?
False
Does 632 divide 374374505?
False
Is 1640688 a multiple of 16?
True
Does 495 divide 76537890?
True
Is 75656121 a multiple of 3005?
False
Is 15 a factor of 21055666?
False
Does 435 divide 202958820?
True
Is 2040 a factor of 31094112?
False
Is 314769405 a multiple of 48?
False
Is 132 a factor of 16548092?
False
Is 16 a factor of 964634495?
False
Is 261 a factor of 1988445465?
True
Does 53 divide 52086269?
False
Does 385 divide 359220400?
True
Is 41 a factor of 54460669?
True
Is 672 a factor of 19477248?
True
Is 58 a factor of 1877163620?
True
Is 196720679 a multiple of 20?
False
Is 10470746 a multiple of 11?
True
Does 3 divide 9013857?
True
Is 2796 a factor of 17959007?
False
Does 1356 divide 1956573286?
False
Is 45 a factor of 78451124?
False
Is 933 a factor of 74542854?
False
Is 32 a factor of 1553872481?
False
Is 3088 a factor of 180334857?
False
Is 63 a factor of 28225197?
True
Is 32 a factor of 308232896?
True
Does 31 divide 1679023953?
True
Is 4501796898 a multiple of 309?
True
Does 871 divide 60757868?
False
Is 5755514054 a multiple of 133?
False
Is 459569389 a multiple of 445?
False
Does 45 divide 389295632?
False
Is 65 a factor of 816657?
False
Is 738176783 a multiple of 155?
False
Is 68 a factor of 525512?
False
Does 1024 divide 32125952?
True
Is 558 a factor of 10399486?
False
Is 21 a factor of 43485454?
False
Is 14056091 a multiple of 12?
False
Is 1632 a factor of 15706368?
True
Does 77 divide 1061137?
True
Is 49 a factor of 167480902?
False
Is 105 a factor of 5693409?
False
Does 348 divide 102664872?
True
Does 242 divide 3895232?
True
Does 1477 divide 48454373?
False
Is 1575 a factor of 741486356?
False
Is 3224635101 a multiple of 197?
False
Is 57 a factor of 436164?
True
Is 819642425 a multiple of 175?
True
Is 59539150 a multiple of 55?
True
Does 24 divide 23372709?
False
Is 1604 a factor of 1993207392?
True
Does 18 divide 62423568?
True
Is 333772932 a multiple of 10?
False
Is 15009804 a multiple of 5?
False
Does 20 divide 3906540?
True
Is 1460 a factor of 2863102340?
True
Is 37860328 a multiple of 44?
True
Does 93 divide 35701770?
True
Is 59 a factor of 86958448?
True
Is 1744 a factor of 174616296?
False
Does 6 divide 449901406?
False
Is 40 a factor of 546078?
False
Is 24397829 a multiple of 330?
False
Is 255002620 a multiple of 3205?
True
Is 117 a factor of 14175603?
True
Is 7185064705 a multiple of 13?
True
Does 79 divide 3133613?
False
Is 1007426 a multiple of 359?
False
Is 4 a factor of 54640606?
False
Is 7139 a factor of 2515405233?
True
Does 148 divide 792204484?
True
Does 13 divide 127021179?
False
Does 122 divide 1859044134?
False
Does 12 divide 2507892?
True
Is 1678 a factor of 2980684289?
False
Is 19 a factor of 97364510?
False
Is 107736057 a multiple of 2589?
True
Is 21342320 a multiple of 76?
True
Is 99597096 a multiple of 24?
True
Does 271 divide 242274?
True
Does 7202 divide 6005198905?
False
Is 54 a factor of 390246768?
True
Is 142576838 a multiple of 1072?
False
Is 13222423 a multiple of 309?
False
Is 16 a factor of 828522952?
False
Is 8120432 a multiple of 27?
False
Is 381456195 a multiple of 80?
False
Does 53 divide 522133290?
False
Is 110 a factor of 2160730?
True
Is 14098175 a multiple of 14?
False
Is 725 a factor of 191660275?
True
Is 55 a factor of 3343520?
False
Does 39 divide 501397299?
True
Is 25 a factor of 1014936175?
True
Does 7982 divide 77148350?
False
Does 45 divide 13198095?
True
Does 14 divide 4518749?
False
Is 36464956 a multiple of 191?
True
Is 41 a factor of 231469810?
False
Is 746353090 a multiple of 70?
True
Does 5 divide 110956963?
False
Does 76 divide 5802731?
False
Is 2994564008 a multiple of 4176?
False
Does 4 divide 7070792?
True
Is 823289593 a multiple of 281?
False
Is 23349628 a multiple of 284?
True
Does 2392 divide 108429360?
True
Does 259 divide 527083907?
True
Does 35 divide 26256545?
True
Is 1483803156 a multiple of 4884?
True
Is 7166643 a multiple of 79?
True
Does 211 divide 6961945?
True
Is 395 a factor of 1273563718?
False
Is 601 a factor of 4420565350?
True
Is 306217480 a multiple of 16?
False
Is 3501534720 a multiple of 3840?
True
Is 1328 a factor of 135554438?
False
Does 31 divide 33575666?
True
Is 1305 a factor of 54984822?
False
Does 19 divide 648955032?
True
Is 4 a factor of 659532923?
False
Is 385795459 a multiple of 1001?
False
Is 13 a factor of 41901602?
False
Does 37 divide 692856376?
True
Is 477970154 a multiple of 142?
True
Is 99 a factor of 35501598?
True
Is 29 a factor of 860185153?
True
Does 462 divide 56202762?
True
Is 77 a factor of 105538972?
True
Is 46372838 a multiple of 1054?
True
Is 32 a factor of 162425788?
False
Is 721252264 a multiple of 13?
False
Does 8 divide 192953968?
True
Does 12 divide 196772532?
True
Is 4961255 a multiple of 127?
True
Is 108599220 a multiple of 180?
True
Is 1191 a factor of 788659103?
False
Is 550913 a multiple of 875?
False
Is 67958748 a multiple of 11?
True
Does 138 divide 22869493?
False
Is 21608532 a multiple of 6?
True
Is 86 a factor of 270781836?
True
Is 1151 a factor of 27416820?
True
Is 874 a factor of 10365680?
False
Is 38830353 even?
False
Is 2756 a factor of 34257009?
False
Does 74 divide 104442232?
False
Is 5 a factor of 25214780?
True
Does 32 divide 742526015?
False
Does 5 divide 3944012?
False
Does 215 divide 19197565?
True
Does 35 divide 10892140?
True
Does 704 divide 109759326?
False
Is 3 a factor of 27915773?
False
Is 19 a factor of 128833901?
False
Is 280 a factor of 715753825?
False
Is 664 a factor of 4162963?
False
Does 32 divide 75322624?
True
Is 201 a factor of 41683007?
False
Is 432749481 a multiple of 797?
True
Is 3551136842 a multiple of 351?
False
Is 15 a factor of 488849750?
False
Does 12 divide 23925227?
False
Is 413 a factor of 23982497?
True
Is 349 a factor of 5361016?
False
Is 2583995404 a multiple of 23?
False
Is 2425644998 a multiple of 1391?
False
Does 83 divide 551151071?
False
Does 4791 divide 920597270?
False
Is 135177261 a multiple of 45?
False
Is 1078588107 a multiple of 159?
True
Does 34 divide 233205339?
False
Does 43 divide 229246502?
True
Is 50490058 a multiple of 1145?
False
Is 3711 a factor of 2252768611?
False
Is 1447363740 a multiple of 237?
True
Is 3533 a factor of 6064692?
False
Is 21595459 a multiple of 493?
False
Does 3 divide 19478672?
False
Does 15 divide 2108128?
False
Is 19653734 a multiple of 74?
True
Is 8473984 a multiple of 554?
True
Is 413 a factor of 30216680?
False
Is 41587684 a multiple of 1126?
True
Is 862 a factor of 205908653?
False
Is 6 a factor of 1426356563?
False
Is 15650577 a multiple of 859?
False
Is 480 a factor of 82114560?
True
Is 8 a factor of 27507883?
False
Does 3849 divide 68704650?
True
Is 3096638659 a multiple of 285?
False
Is 34343989 a multiple of 4?
False
Does 762 divide 33475128?
False
Is 19049664 a multiple of 64?
True
Is 795955 a multiple of 288?
False
Is 227 a factor of 71995320?
True
Does 2112 divide 2732916682?
False
Is 25783149 a multiple of 199?
False
Is 736 a factor of 46220800?
True
Is 295 a factor of 1394032775?
False
Is 1673 a factor of 109934503?
True
Is 8 a factor of 109420109?
False
Is 4320208213 a multiple of 2529?
False
Is 267547500 a multiple of 1012?
True
Is 66 a factor of 5187138?
True
Is 865390 a multiple of 745?
False
Is 642 a factor of 40617414?
True
Does 3759 divide 3335